 + 2*l - 2. Give g(3).
4
Let d(s) = 19*s**2 - 1. Calculate d(1).
18
Let y(p) = -16*p**3 - p**2 + 6*p + 6. Determine y(-1).
15
Let c(v) = 2*v + 3. Give c(-6).
-9
Let k(t) = 6*t + 130. Give k(-16).
34
Let o(v) = v**3 + 17*v**2 - 2*v - 4. What is o(-17)?
30
Let v(p) = -p**2 + 54*p - 627. What is v(37)?
2
Let r(b) = -b - 7. Give r(-4).
-3
Let h(r) = -6*r + 9. Determine h(4).
-15
Let w(f) = f**3 + 4*f**2 + 6*f + 5. What is w(-4)?
-19
Let i(l) = l**2 - 40*l + 44. Give i(39).
5
Let d(q) = q**2 + 15*q + 49. Determine d(-7).
-7
Let b(q) = q**2 - 3. Determine b(-3).
6
Let d(w) = 19*w + 15. Give d(10).
205
Let k(o) = -54*o - 216. Calculate k(-4).
0
Let a(u) = u**3 + 17*u**2 + 17*u + 23. What is a(-16)?
7
Let f(c) = c**2 - 2*c + 3. What is f(3)?
6
Let f(d) = d**2 + 10*d - 5. Determine f(-13).
34
Let b(t) = 2*t - 44. Determine b(18).
-8
Let a(j) = -j**3 + 17*j**2 - 14*j + 2. What is a(16)?
34
Let k(d) = 3*d**2 - 5*d - 26. Give k(5).
24
Let j(q) = -5*q - 49. What is j(-13)?
16
Let q(k) = -14*k + 42. Determine q(8).
-70
Let c(l) = 2*l**2 - 11*l - 4. What is c(6)?
2
Let t(c) = -3*c + 62. Calculate t(25).
-13
Let v(k) = -k**3 - 8*k**2 - k - 8. What is v(-7)?
-50
Let h(y) = 13*y**2 - y - 9. Calculate h(-3).
111
Let i(l) = -11*l**2 - 4*l - 3. Determine i(-2).
-39
Let w(h) = h**3 - 5*h - 5. Give w(-2).
-3
Let r(i) = -3*i - 85. Determine r(-27).
-4
Let l(j) = j**3 - 4*j**2 - 15*j - 3. Calculate l(-2).
3
Let w(k) = 10*k - 17. Determine w(-7).
-87
Let p(s) = -s**2 + 4*s - 1. What is p(5)?
-6
Let c(l) = l**2 - 5*l + 7. Determine c(6).
13
Let m(p) = p**3 - 2*p - 1. Calculate m(-2).
-5
Let r(a) = a**3 - 4*a**2 + 3*a - 16. What is r(4)?
-4
Let i(l) = -l**3 - l**2 + 21*l + 9. Give i(-5).
4
Let k(a) = 5*a**2 - 34*a + 31. Calculate k(6).
7
Let q(z) = -z**3 + 15*z**2 - 14*z + 6. Calculate q(14).
6
Let z(b) = b**2 + 24*b - 4. What is z(-24)?
-4
Let h(l) = -l - 1. Determine h(4).
-5
Let a(x) = 13*x - 14. Determine a(6).
64
Let b(g) = g**2 - 9*g - 7. What is b(10)?
3
Let d(b) = -b + 4. What is d(-8)?
12
Let o(x) = x + 18. Calculate o(6).
24
Let n(t) = 3*t + 2. What is n(11)?
35
Let s(n) = 16*n - 355. Give s(22).
-3
Let h(a) = 30*a - 726. Determine h(24).
-6
Let y(u) = 22*u + 10. Determine y(-4).
-78
Let a(t) = 3*t**2 + 43*t - 32. Calculate a(-15).
-2
Let k(l) = l**3 - 4*l**2 - 3*l - 1. Calculate k(3).
-19
Let k(p) = p**3 + 11*p**2 + 10*p - 12. What is k(-9)?
60
Let x(i) = i**2 + 2*i + 3. Determine x(-6).
27
Let x(n) = -n**3 + 62*n**2 - 59*n - 116. Determine x(61).
6
Let q(d) = 43*d + 306. Calculate q(-8).
-38
Let t(f) = 2*f**2 - 6*f - 3. Give t(5).
17
Let h(y) = 23*y - 408. What is h(17)?
-17
Let t(n) = -n**2 + n + 3. Determine t(-4).
-17
Let b(n) = -n**2 + 28*n - 133. Calculate b(6).
-1
Let n(x) = -x**3 + x**2 - x - 50. Determine n(0).
-50
Let g(a) = -a**3 - 6*a**2 + 4*a + 2. What is g(-7)?
23
Let t(g) = -2*g**2 + 23*g + 6. Determine t(10).
36
Let b(r) = r**3 + r**2 - 5*r + 5. Give b(2).
7
Let b(y) = -y**3 + 5*y**2 - 6*y + 2. What is b(2)?
2
Let t(h) = -h**3 - 11*h**2 - 10*h - 1. What is t(-10)?
-1
Let o(v) = -3*v - 58. Determine o(-16).
-10
Let h(s) = -3*s**3 - 20*s**2 + 6*s - 2. Determine h(-7).
5
Let f(t) = -28*t - 189. Calculate f(-7).
7
Let s(b) = b - 32. Determine s(12).
-20
Let q(m) = -24*m - 8. What is q(-6)?
136
Let j(m) = m**3 - 11*m**2 - 27*m + 26. Give j(13).
13
Let j(c) = c**3 + 3*c**2 - 11*c - 24. Calculate j(-4).
4
Let x(w) = -2*w**2 - 6*w + 4. Determine x(-5).
-16
Let a(t) = 4*t - 11. Determine a(3).
1
Let a(n) = 3*n**2 - 19*n + 9. Give a(6).
3
Let o(t) = -t**3 - 10*t**2 - 17*t + 14. What is o(-8)?
22
Let l(r) = r**3 + 3*r**2 - 6*r + 4. Determine l(-5).
-16
Let g(a) = -2*a - 46. What is g(-20)?
-6
Let x(o) = o**3 + 22*o**2 - o - 14. Calculate x(-22).
8
Let n(l) = -l**2 + 7*l + 1. Determine n(4).
13
Let m(y) = -5*y + 66. Determine m(0).
66
Let r(s) = s**2 - 35*s + 8. Calculate r(37).
82
Let u(f) = 3*f**2 + f - 2. Calculate u(-3).
22
Let k(t) = 4*t**3 + t**2 - 5*t - 8. Give k(-4).
-228
Let y(p) = -p**3 + 6*p**2 - 7*p + 7. Determine y(5).
-3
Let k(u) = -20*u + 1. What is k(1)?
-19
Let y(j) = 14*j - 4. Give y(1).
10
Let n(f) = -f**3 - 3*f**2 - 4*f - 7. Calculate n(-4).
25
Let l(h) = -9*h - 119. Give l(-24).
97
Let b(z) = 74*z - 316. Give b(5).
54
Let a(f) = f**3 + 9*f**2 + 4. Give a(-9).
4
Let c(y) = y**2 + 23*y - 23. Give c(-24).
1
Let m(s) = -25*s + 339. What is m(14)?
-11
Let r(u) = -u**2 + 3*u + 3. What is r(-5)?
-37
Let k(c) = -c + 16. Determine k(-7).
23
Let k(b) = 2*b**3 + 2*b**2 - 4*b. Determine k(2).
16
Let c(z) = -z + 8. What is c(8)?
0
Let u(y) = 4*y**2 - 3*y + 4. Determine u(3).
31
Let x(s) = s**2 - 5*s + 2. Give x(2).
-4
Let k(i) = -i**3 - 5*i**2 + 7*i + 22. Determine k(-4).
-22
Let u(f) = 73*f + 296. What is u(-4)?
4
Let r(p) = -p**2 - 12*p - 27. Determine r(-9).
0
Let s(h) = 36*h + 38. Give s(-1).
2
Let o(a) = 3*a**2 + 85*a + 3. Calculate o(-28).
-25
Let r(j) = -190*j - 1145. Calculate r(-6).
-5
Let a(g) = 49*g + 343. Determine a(-7).
0
Let g(w) = -2*w - 92. Determine g(-41).
-10
Let w(o) = -o - 7. What is w(5)?
-12
Let o(h) = h - 19. Determine o(12).
-7
Let n(l) = -l**3 + 23*l**2 - 22*l - 4. Determine n(22).
-4
Let l(i) = i**2 + 6*i - 10. Calculate l(-5).
-15
Let p(d) = d**2 + 12*d - 46. Calculate p(-15).
-1
Let o(c) = 29*c - 6. Determine o(3).
81
Let z(s) = -s**2 + 7*s + 1. Give z(6).
7
Let y(w) = -2*w**2 - 129*w - 364. Determine y(-3).
5
Let b(t) = -t - 8. Determine b(5).
-13
Let u(i) = -3*i**3 - 26*i**2 - 16*i + 8. Calculate u(-8).
8
Let c(f) = 30*f**2 + f + 1. Give c(1).
32
Let m(g) = g**2 + 1. Give m(-4).
17
Let f(l) = -l**3 + 2*l**2 - l + 18. What is f(0)?
18
Let a(x) = -x**3 + 6*x**2 + 3*x + 15. Determine a(7).
-13
Let w(z) = -z**2 + z - 40. What is w(0)?
-40
Let g(h) = h - 20. Determine g(23).
3
Let g(d) = -d + 6. What is g(5)?
1
Let z(i) = i**3 + 15*i**2 + 11*i + 12. Calculate z(-14).
54
Let q(n) = 3*n + 4. Determine q(-5).
-11
Let a(y) = -2*y**2 + 3*y + 9. What is a(5)?
-26
Let q(w) = w**3 + 7*w**2 + 11*w + 6. Determine q(-5).
1
Let x(w) = 6*w + 24. Give x(-8).
-24
Let l(c) = -25*c**2 + c + 1. Give l(2).
-97
Let p(w) = 2*w - 43. Calculate p(-13).
-69
Let c(n) = n - 15. Give c(-10).
-25
Let z(c) = c + 4. Determine z(-1).
3
Let j(b) = b**3 - 6*b**2 - b - 7. What is j(6)?
-13
Let f(l) = -2*l**2 - 38*l + 46. Determine f(-20).
6
Let p(t) = t**3 + 6*t**2 + 12*t + 6. Give p(-5).
-29
Let i(q) = q**2 - 3*q - 35. Calculate i(0).
-35
Let d(s) = -13*s**3 + 3*s**2 - 5*s + 2. Calculate d(2).
-100
Let x(c) = -c**2 + 30*c + 30. Give x(31).
-1
Let a(u) = -4*u + 34. Calculate a(10).
-6
Let m(b) = 4*b - 33. Determine m(-12).
-81
Let b(k) = 2*k - 53. Calculate b(22).
-9
Let r(w) = -w**2 - w - 26. Give r(0).
-26
Let j(h) = 30*h + 308. What is j(-10)?
8
Let f(t) = -t**2 - 3*t - 5. Determine f(-5).
-15
Let l(o) = -2*o. Calculate l(-2).
4
Let v(q) = q**2 + q - 77. What is v(0)?
-77
Let s(n) = -n**3 - 4*n**2 + 17*n + 8. Give s(-6).
-22
Let j(v) = 2*v**3 + 6*v**2 + 4*v + 10. Determine j(-5).
-110
Let z(s) = -s**3 + 17*s - 1. Determine z(4).
3
Let r(u) = 3*u + 7. What is r(-6)?
-11
Let r(g) = g**2 + 9*g + 4. Calculate r(-8).
-4
Let n(k) = -k**3 + 6*k**2 - 7*k. Determine n(2).
2
Let a(v) = 2*v**2 + 3. Give a(3).
21
Let n(z) = z**2 - 7*z + 4. Calculate n(5).
-6
Let q(y) = y**2 - 16*y - 49. Calculate q(18).
-13
Let w(n) = n**2 + 7*n + 10. Give w(-5).
0
Let l(f) = f**3 + 2*f**2 - 44*f + 5. Calculate l(-8).
-27
Let c(n) = n**3 + 5*n**2 + 4*n + 5. Calculate c(-5).
-15
Let l(o) = 5*o - 2. What is l(3)?
13
Let o(q) = q**2 + 16*q + 20. Determine o(-14).
-8
Let s(c) = 5*c. Calculate s(1).
5
Let s(f) = f**3 + 14*f**2 + 30. Give s(-14).
30
Let d(o) = o**3 + 11*o**2 + 14. Give d(-11).
14
Let q(x) = -x**2 + 7*x. Give q(8).
-8
Let p(b) = -2*b**2 - 8*b - 10. Determine p(-7).
-52
Let o(y) = 5*y - 10. Calculate o(4).
10
Let b(l) = -l**3 - 5*l**2 - 2*l + 1. Give b(-2).
-7
Let r(u) = -u - 7. Determine r(-7).
0
Let o(l) = -l**3 + 10*l**2 + 5*l - 18. Determine o(9).
108
Let l(f) = -f**2 - 42*f - 318. What is l(-9)?
-21
Let g(q) = -q**2 + 9*q. Calculate g(8).
8
Let j(z) = -2*z - 15. Give j(-4).
-7
Let j(g) = -2*g**2 - 2*g - 4. Give j(-2).
-8
Let i(s) = -4*s - 7. Give i(-3).
5
Let s(z) = -z**3 + 72*z**2 - 3*z + 222. What is s(72)?
6
Let q(j) = -j**3 + j + 2. What is q(-1)?
2
Let h(y)